{"id":359,"date":"2025-02-25T12:10:33","date_gmt":"2025-02-25T12:10:33","guid":{"rendered":"https:\/\/thirsty-wescoff.212-227-142-57.plesk.page\/?page_id=359"},"modified":"2026-04-10T08:09:58","modified_gmt":"2026-04-10T08:09:58","slug":"aktuelles","status":"publish","type":"page","link":"https:\/\/fodboss-kehrmatte.de\/index.php\/aktuelles\/","title":{"rendered":"Aktuelles"},"content":{"rendered":"\t\t<div data-elementor-type=\"wp-page\" data-elementor-id=\"359\" class=\"elementor elementor-359\">\n\t\t\t\t<div class=\"elementor-element elementor-element-8b5b53e e-flex e-con-boxed e-con e-parent\" data-id=\"8b5b53e\" data-element_type=\"container\" data-settings=\"{&quot;content_width&quot;:&quot;boxed&quot;}\" data-core-v316-plus=\"true\">\n\t\t\t\t\t<div class=\"e-con-inner\">\n\t\t\t\t<div class=\"elementor-element elementor-element-e42a3e2 elementor-widget elementor-widget-heading\" data-id=\"e42a3e2\" data-element_type=\"widget\" data-widget_type=\"heading.default\">\n\t\t\t\t<div class=\"elementor-widget-container\">\n\t\t\t<style>\/*! elementor - v3.19.0 - 28-02-2024 *\/\n.elementor-heading-title{padding:0;margin:0;line-height:1}.elementor-widget-heading .elementor-heading-title[class*=elementor-size-]>a{color:inherit;font-size:inherit;line-height:inherit}.elementor-widget-heading .elementor-heading-title.elementor-size-small{font-size:15px}.elementor-widget-heading .elementor-heading-title.elementor-size-medium{font-size:19px}.elementor-widget-heading .elementor-heading-title.elementor-size-large{font-size:29px}.elementor-widget-heading .elementor-heading-title.elementor-size-xl{font-size:39px}.elementor-widget-heading .elementor-heading-title.elementor-size-xxl{font-size:59px}<\/style><h2 class=\"elementor-heading-title elementor-size-default\">Aktuelles<\/h2>\t\t<\/div>\n\t\t\t\t<\/div>\n\t\t\t\t<div class=\"elementor-element elementor-element-43d90c5 elementor-grid-2 elementor-grid-tablet-2 elementor-grid-mobile-1 elementor-posts--thumbnail-top elementor-widget elementor-widget-posts\" data-id=\"43d90c5\" data-element_type=\"widget\" data-settings=\"{&quot;classic_columns&quot;:&quot;2&quot;,&quot;pagination_type&quot;:&quot;numbers_and_prev_next&quot;,&quot;classic_columns_tablet&quot;:&quot;2&quot;,&quot;classic_columns_mobile&quot;:&quot;1&quot;,&quot;classic_row_gap&quot;:{&quot;unit&quot;:&quot;px&quot;,&quot;size&quot;:35,&quot;sizes&quot;:[]},&quot;classic_row_gap_tablet&quot;:{&quot;unit&quot;:&quot;px&quot;,&quot;size&quot;:&quot;&quot;,&quot;sizes&quot;:[]},&quot;classic_row_gap_mobile&quot;:{&quot;unit&quot;:&quot;px&quot;,&quot;size&quot;:&quot;&quot;,&quot;sizes&quot;:[]}}\" data-widget_type=\"posts.classic\">\n\t\t\t\t<div class=\"elementor-widget-container\">\n\t\t\t<link rel=\"stylesheet\" href=\"https:\/\/fodboss-kehrmatte.de\/wp-content\/plugins\/elementor-pro\/assets\/css\/widget-posts.min.css\">\t\t<div class=\"elementor-posts-container elementor-posts elementor-posts--skin-classic elementor-grid\">\n\t\t\t\t<article class=\"elementor-post elementor-grid-item post-614 post type-post status-publish format-standard has-post-thumbnail hentry category-uncategorized\">\n\t\t\t\t<a class=\"elementor-post__thumbnail__link\" href=\"https:\/\/fodboss-kehrmatte.de\/index.php\/2025\/10\/09\/inter-airport-europe-2025-wir-waren-dabei-mit-fodboss-und-safety-kross\/\" >\n\t\t\t<div class=\"elementor-post__thumbnail\"><img fetchpriority=\"high\" decoding=\"async\" width=\"1280\" height=\"960\" src=\"https:\/\/fodboss-kehrmatte.de\/wp-content\/uploads\/2025\/10\/thumbnail_cb7e89b0-9f0f-4314-a09b-ed2c3b3eb8b3.jpg\" class=\"attachment-1536x1536 size-1536x1536 wp-image-615\" alt=\"\" srcset=\"https:\/\/fodboss-kehrmatte.de\/wp-content\/uploads\/2025\/10\/thumbnail_cb7e89b0-9f0f-4314-a09b-ed2c3b3eb8b3.jpg 1280w, https:\/\/fodboss-kehrmatte.de\/wp-content\/uploads\/2025\/10\/thumbnail_cb7e89b0-9f0f-4314-a09b-ed2c3b3eb8b3-300x225.jpg 300w, https:\/\/fodboss-kehrmatte.de\/wp-content\/uploads\/2025\/10\/thumbnail_cb7e89b0-9f0f-4314-a09b-ed2c3b3eb8b3-1024x768.jpg 1024w, https:\/\/fodboss-kehrmatte.de\/wp-content\/uploads\/2025\/10\/thumbnail_cb7e89b0-9f0f-4314-a09b-ed2c3b3eb8b3-768x576.jpg 768w\" sizes=\"(max-width: 1280px) 100vw, 1280px\" \/><\/div>\n\t\t<\/a>\n\t\t\t\t<div class=\"elementor-post__text\">\n\t\t\t\t<h3 class=\"elementor-post__title\">\n\t\t\t<a href=\"https:\/\/fodboss-kehrmatte.de\/index.php\/2025\/10\/09\/inter-airport-europe-2025-wir-waren-dabei-mit-fodboss-und-safety-kross\/\" >\n\t\t\t\tInter Airport Europe 2025: Wir waren dabei mit FOD*BOSS und Safety Kross\t\t\t<\/a>\n\t\t<\/h3>\n\t\t\t\t<div class=\"elementor-post__meta-data\">\n\t\t\t\t\t<span class=\"elementor-post-date\">\n\t\t\tOktober 9, 2025\t\t<\/span>\n\t\t\t\t<span class=\"elementor-post-avatar\">\n\t\t\tKeine Kommentare\t\t<\/span>\n\t\t\t\t<\/div>\n\t\t\t\t<div class=\"elementor-post__excerpt\">\n\t\t\t<p>Die inter airport Europe in M\u00fcnchen, die f\u00fchrende Fachmesse f\u00fcr Flughafenausr\u00fcstung, Technologie, Design und Service, ist vor\u00fcber. Wir blicken auf ereignisreiche und erfolgreiche Tage zur\u00fcck<\/p>\n\t\t<\/div>\n\t\t\t\t\t<a class=\"elementor-post__read-more\" href=\"https:\/\/fodboss-kehrmatte.de\/index.php\/2025\/10\/09\/inter-airport-europe-2025-wir-waren-dabei-mit-fodboss-und-safety-kross\/\" >\n\t\t\t\tWeiterlesen \u00bb\t\t\t<\/a>\n\t\t\t\t<\/div>\n\t\t\t\t<\/article>\n\t\t\t\t<article class=\"elementor-post elementor-grid-item post-609 post type-post status-publish format-standard has-post-thumbnail hentry category-uncategorized\">\n\t\t\t\t<a class=\"elementor-post__thumbnail__link\" href=\"https:\/\/fodboss-kehrmatte.de\/index.php\/2025\/09\/29\/der-bisher-groste-fod-walk-am-dusseldorfer-flughafen-wir-waren-dabei\/\" >\n\t\t\t<div class=\"elementor-post__thumbnail\"><img decoding=\"async\" width=\"960\" height=\"1280\" src=\"https:\/\/fodboss-kehrmatte.de\/wp-content\/uploads\/2025\/09\/3686c357-30a2-4da3-bb0f-78e490b4a606-1.jpg\" class=\"attachment-1536x1536 size-1536x1536 wp-image-611\" alt=\"\" srcset=\"https:\/\/fodboss-kehrmatte.de\/wp-content\/uploads\/2025\/09\/3686c357-30a2-4da3-bb0f-78e490b4a606-1.jpg 960w, https:\/\/fodboss-kehrmatte.de\/wp-content\/uploads\/2025\/09\/3686c357-30a2-4da3-bb0f-78e490b4a606-1-225x300.jpg 225w, https:\/\/fodboss-kehrmatte.de\/wp-content\/uploads\/2025\/09\/3686c357-30a2-4da3-bb0f-78e490b4a606-1-768x1024.jpg 768w\" sizes=\"(max-width: 960px) 100vw, 960px\" \/><\/div>\n\t\t<\/a>\n\t\t\t\t<div class=\"elementor-post__text\">\n\t\t\t\t<h3 class=\"elementor-post__title\">\n\t\t\t<a href=\"https:\/\/fodboss-kehrmatte.de\/index.php\/2025\/09\/29\/der-bisher-groste-fod-walk-am-dusseldorfer-flughafen-wir-waren-dabei\/\" >\n\t\t\t\tDer bisher gr\u00f6\u00dfte FOD-Walk am D\u00fcsseldorfer Flughafen: Wir waren dabei!\u00a0\t\t\t<\/a>\n\t\t<\/h3>\n\t\t\t\t<div class=\"elementor-post__meta-data\">\n\t\t\t\t\t<span class=\"elementor-post-date\">\n\t\t\tSeptember 29, 2025\t\t<\/span>\n\t\t\t\t<span class=\"elementor-post-avatar\">\n\t\t\tKeine Kommentare\t\t<\/span>\n\t\t\t\t<\/div>\n\t\t\t\t<div class=\"elementor-post__excerpt\">\n\t\t\t<p>Was f\u00fcr ein spannender\u00a0Tag am Flughafen D\u00fcsseldorf! Wir waren wieder mit unserem Team dabei, als sich \u00fcber 300 Teilnehmende\u00a0\u2013 die gr\u00f6\u00dfte Zahl bei einem FOD-Walk<\/p>\n\t\t<\/div>\n\t\t\t\t\t<a class=\"elementor-post__read-more\" href=\"https:\/\/fodboss-kehrmatte.de\/index.php\/2025\/09\/29\/der-bisher-groste-fod-walk-am-dusseldorfer-flughafen-wir-waren-dabei\/\" >\n\t\t\t\tWeiterlesen \u00bb\t\t\t<\/a>\n\t\t\t\t<\/div>\n\t\t\t\t<\/article>\n\t\t\t\t<article class=\"elementor-post elementor-grid-item post-399 post type-post status-publish format-standard has-post-thumbnail hentry category-uncategorized\">\n\t\t\t\t<a class=\"elementor-post__thumbnail__link\" href=\"https:\/\/fodboss-kehrmatte.de\/index.php\/2025\/06\/21\/sicherheit-auf-flughafen\/\" >\n\t\t\t<div class=\"elementor-post__thumbnail\"><img decoding=\"async\" width=\"1158\" height=\"769\" src=\"https:\/\/fodboss-kehrmatte.de\/wp-content\/uploads\/2025\/02\/IMG_0058_WS.jpg\" class=\"attachment-1536x1536 size-1536x1536 wp-image-400\" alt=\"\" srcset=\"https:\/\/fodboss-kehrmatte.de\/wp-content\/uploads\/2025\/02\/IMG_0058_WS.jpg 1158w, https:\/\/fodboss-kehrmatte.de\/wp-content\/uploads\/2025\/02\/IMG_0058_WS-300x199.jpg 300w, https:\/\/fodboss-kehrmatte.de\/wp-content\/uploads\/2025\/02\/IMG_0058_WS-1024x680.jpg 1024w, https:\/\/fodboss-kehrmatte.de\/wp-content\/uploads\/2025\/02\/IMG_0058_WS-768x510.jpg 768w\" sizes=\"(max-width: 1158px) 100vw, 1158px\" \/><\/div>\n\t\t<\/a>\n\t\t\t\t<div class=\"elementor-post__text\">\n\t\t\t\t<h3 class=\"elementor-post__title\">\n\t\t\t<a href=\"https:\/\/fodboss-kehrmatte.de\/index.php\/2025\/06\/21\/sicherheit-auf-flughafen\/\" >\n\t\t\t\tSicherheit auf Flugh\u00e4fen\t\t\t<\/a>\n\t\t<\/h3>\n\t\t\t\t<div class=\"elementor-post__meta-data\">\n\t\t\t\t\t<span class=\"elementor-post-date\">\n\t\t\tJuni 21, 2025\t\t<\/span>\n\t\t\t\t<span class=\"elementor-post-avatar\">\n\t\t\tKeine Kommentare\t\t<\/span>\n\t\t\t\t<\/div>\n\t\t\t\t<div class=\"elementor-post__excerpt\">\n\t\t\t<p>Die Durchf\u00fchrung regelm\u00e4\u00dfiger Flugzeuginspektionen ist vorgeschrieben und liegt in der Verantwortung der Personen, die ein Flugzeug besitzen oder betreiben. Diese Inspektionen dienen der Sicherheit der<\/p>\n\t\t<\/div>\n\t\t\t\t\t<a class=\"elementor-post__read-more\" href=\"https:\/\/fodboss-kehrmatte.de\/index.php\/2025\/06\/21\/sicherheit-auf-flughafen\/\" >\n\t\t\t\tWeiterlesen \u00bb\t\t\t<\/a>\n\t\t\t\t<\/div>\n\t\t\t\t<\/article>\n\t\t\t\t<article class=\"elementor-post elementor-grid-item post-364 post type-post status-publish format-standard has-post-thumbnail hentry category-uncategorized\">\n\t\t\t\t<a class=\"elementor-post__thumbnail__link\" href=\"https:\/\/fodboss-kehrmatte.de\/index.php\/2024\/10\/11\/fod-erkennen-und-beseitigen\/\" >\n\t\t\t<div class=\"elementor-post__thumbnail\"><img loading=\"lazy\" decoding=\"async\" width=\"640\" height=\"426\" src=\"https:\/\/fodboss-kehrmatte.de\/wp-content\/uploads\/2025\/02\/FODBOSS.jpg\" class=\"attachment-1536x1536 size-1536x1536 wp-image-367\" alt=\"\" srcset=\"https:\/\/fodboss-kehrmatte.de\/wp-content\/uploads\/2025\/02\/FODBOSS.jpg 640w, https:\/\/fodboss-kehrmatte.de\/wp-content\/uploads\/2025\/02\/FODBOSS-300x200.jpg 300w\" sizes=\"(max-width: 640px) 100vw, 640px\" \/><\/div>\n\t\t<\/a>\n\t\t\t\t<div class=\"elementor-post__text\">\n\t\t\t\t<h3 class=\"elementor-post__title\">\n\t\t\t<a href=\"https:\/\/fodboss-kehrmatte.de\/index.php\/2024\/10\/11\/fod-erkennen-und-beseitigen\/\" >\n\t\t\t\tFOD erkennen und beseitigen\t\t\t<\/a>\n\t\t<\/h3>\n\t\t\t\t<div class=\"elementor-post__meta-data\">\n\t\t\t\t\t<span class=\"elementor-post-date\">\n\t\t\tOktober 11, 2024\t\t<\/span>\n\t\t\t\t<span class=\"elementor-post-avatar\">\n\t\t\tKeine Kommentare\t\t<\/span>\n\t\t\t\t<\/div>\n\t\t\t\t<div class=\"elementor-post__excerpt\">\n\t\t\t<p>FOD erkennen und beseitigen Wenn Partikel oder Fremdk\u00f6rper, die sich in Verkehrsbereichen befinden, eine Gefahr f\u00fcr Personen oder Fahrzeuge darstellen, werden sie als FOD (Foreign<\/p>\n\t\t<\/div>\n\t\t\t\t\t<a class=\"elementor-post__read-more\" href=\"https:\/\/fodboss-kehrmatte.de\/index.php\/2024\/10\/11\/fod-erkennen-und-beseitigen\/\" >\n\t\t\t\tWeiterlesen \u00bb\t\t\t<\/a>\n\t\t\t\t<\/div>\n\t\t\t\t<\/article>\n\t\t\t\t<article class=\"elementor-post elementor-grid-item post-423 post type-post status-publish format-standard has-post-thumbnail hentry category-uncategorized\">\n\t\t\t\t<a class=\"elementor-post__thumbnail__link\" href=\"https:\/\/fodboss-kehrmatte.de\/index.php\/2024\/06\/21\/sicherheit-fur-das-fahrsicherheitstraining\/\" >\n\t\t\t<div class=\"elementor-post__thumbnail\"><img loading=\"lazy\" decoding=\"async\" width=\"1200\" height=\"800\" src=\"https:\/\/fodboss-kehrmatte.de\/wp-content\/uploads\/2025\/02\/news03.jpg\" class=\"attachment-1536x1536 size-1536x1536 wp-image-424\" alt=\"\" srcset=\"https:\/\/fodboss-kehrmatte.de\/wp-content\/uploads\/2025\/02\/news03.jpg 1200w, https:\/\/fodboss-kehrmatte.de\/wp-content\/uploads\/2025\/02\/news03-300x200.jpg 300w, https:\/\/fodboss-kehrmatte.de\/wp-content\/uploads\/2025\/02\/news03-1024x683.jpg 1024w, https:\/\/fodboss-kehrmatte.de\/wp-content\/uploads\/2025\/02\/news03-768x512.jpg 768w\" sizes=\"(max-width: 1200px) 100vw, 1200px\" \/><\/div>\n\t\t<\/a>\n\t\t\t\t<div class=\"elementor-post__text\">\n\t\t\t\t<h3 class=\"elementor-post__title\">\n\t\t\t<a href=\"https:\/\/fodboss-kehrmatte.de\/index.php\/2024\/06\/21\/sicherheit-fur-das-fahrsicherheitstraining\/\" >\n\t\t\t\tSicherheit f\u00fcr das Fahrsicherheitstraining\t\t\t<\/a>\n\t\t<\/h3>\n\t\t\t\t<div class=\"elementor-post__meta-data\">\n\t\t\t\t\t<span class=\"elementor-post-date\">\n\t\t\tJuni 21, 2024\t\t<\/span>\n\t\t\t\t<span class=\"elementor-post-avatar\">\n\t\t\tKeine Kommentare\t\t<\/span>\n\t\t\t\t<\/div>\n\t\t\t\t<div class=\"elementor-post__excerpt\">\n\t\t\t<p>Ein Fahrsicherheitstraining verbessert die Verkehrssicherheit von allen und macht Autofahrer fit f\u00fcr den Fahralltag. Und damit auch das Training sicher ist, sollten die Strecken, die<\/p>\n\t\t<\/div>\n\t\t\t\t\t<a class=\"elementor-post__read-more\" href=\"https:\/\/fodboss-kehrmatte.de\/index.php\/2024\/06\/21\/sicherheit-fur-das-fahrsicherheitstraining\/\" >\n\t\t\t\tWeiterlesen \u00bb\t\t\t<\/a>\n\t\t\t\t<\/div>\n\t\t\t\t<\/article>\n\t\t\t\t<article class=\"elementor-post elementor-grid-item post-386 post type-post status-publish format-standard has-post-thumbnail hentry category-uncategorized\">\n\t\t\t\t<a class=\"elementor-post__thumbnail__link\" href=\"https:\/\/fodboss-kehrmatte.de\/index.php\/2024\/01\/24\/freie-fahrt-auf-der-autobahn\/\" >\n\t\t\t<div class=\"elementor-post__thumbnail\"><img loading=\"lazy\" decoding=\"async\" width=\"1159\" height=\"769\" src=\"https:\/\/fodboss-kehrmatte.de\/wp-content\/uploads\/2025\/02\/IMG_0308k_neu.jpg\" class=\"attachment-1536x1536 size-1536x1536 wp-image-387\" alt=\"\" srcset=\"https:\/\/fodboss-kehrmatte.de\/wp-content\/uploads\/2025\/02\/IMG_0308k_neu.jpg 1159w, https:\/\/fodboss-kehrmatte.de\/wp-content\/uploads\/2025\/02\/IMG_0308k_neu-300x199.jpg 300w, https:\/\/fodboss-kehrmatte.de\/wp-content\/uploads\/2025\/02\/IMG_0308k_neu-1024x679.jpg 1024w, https:\/\/fodboss-kehrmatte.de\/wp-content\/uploads\/2025\/02\/IMG_0308k_neu-768x510.jpg 768w\" sizes=\"(max-width: 1159px) 100vw, 1159px\" \/><\/div>\n\t\t<\/a>\n\t\t\t\t<div class=\"elementor-post__text\">\n\t\t\t\t<h3 class=\"elementor-post__title\">\n\t\t\t<a href=\"https:\/\/fodboss-kehrmatte.de\/index.php\/2024\/01\/24\/freie-fahrt-auf-der-autobahn\/\" >\n\t\t\t\tFreie Fahrt auf der Autobahn\t\t\t<\/a>\n\t\t<\/h3>\n\t\t\t\t<div class=\"elementor-post__meta-data\">\n\t\t\t\t\t<span class=\"elementor-post-date\">\n\t\t\tJanuar 24, 2024\t\t<\/span>\n\t\t\t\t<span class=\"elementor-post-avatar\">\n\t\t\tKeine Kommentare\t\t<\/span>\n\t\t\t\t<\/div>\n\t\t\t\t<div class=\"elementor-post__excerpt\">\n\t\t\t<p>Interview mit unserem Kunden autobahnplus: Die FOD*BOSS Kehrmatte auf einem Autobahnabschnitt der A8 Was ist autobahnplus? Die autobahnplus A8 GmbH wurde 2006 gegr\u00fcndet, um als<\/p>\n\t\t<\/div>\n\t\t\t\t\t<a class=\"elementor-post__read-more\" href=\"https:\/\/fodboss-kehrmatte.de\/index.php\/2024\/01\/24\/freie-fahrt-auf-der-autobahn\/\" >\n\t\t\t\tWeiterlesen \u00bb\t\t\t<\/a>\n\t\t\t\t<\/div>\n\t\t\t\t<\/article>\n\t\t\t\t<\/div>\n\n\n\t\t\n\t\t\t\t<div class=\"e-load-more-anchor\" data-page=\"1\" data-max-page=\"3\" data-next-page=\"https:\/\/fodboss-kehrmatte.de\/index.php\/wp-json\/wp\/v2\/pages\/359\/page\/2\/\"><\/div>\n\t\t\t\t<nav class=\"elementor-pagination\" role=\"navigation\" aria-label=\"Pagination\">\n\t\t\t<span class=\"page-numbers prev\">&laquo; Zur\u00fcck<\/span>\n<span aria-current=\"page\" class=\"page-numbers current\"><span class=\"elementor-screen-only\">Page<\/span>1<\/span>\n<a class=\"page-numbers\" href=\"https:\/\/fodboss-kehrmatte.de\/index.php\/wp-json\/wp\/v2\/pages\/359\/page\/2\/\"><span class=\"elementor-screen-only\">Page<\/span>2<\/a>\n<a class=\"page-numbers\" href=\"https:\/\/fodboss-kehrmatte.de\/index.php\/wp-json\/wp\/v2\/pages\/359\/page\/3\/\"><span class=\"elementor-screen-only\">Page<\/span>3<\/a>\n<a class=\"page-numbers next\" href=\"https:\/\/fodboss-kehrmatte.de\/index.php\/wp-json\/wp\/v2\/pages\/359\/page\/2\/\">Weiter &raquo;<\/a>\t\t<\/nav>\n\t\t\t\t<\/div>\n\t\t\t\t<\/div>\n\t\t\t\t<div class=\"elementor-element elementor-element-632942c elementor-widget elementor-widget-spacer\" data-id=\"632942c\" data-element_type=\"widget\" data-widget_type=\"spacer.default\">\n\t\t\t\t<div class=\"elementor-widget-container\">\n\t\t\t<style>\/*! elementor - v3.19.0 - 28-02-2024 *\/\n.elementor-column .elementor-spacer-inner{height:var(--spacer-size)}.e-con{--container-widget-width:100%}.e-con-inner>.elementor-widget-spacer,.e-con>.elementor-widget-spacer{width:var(--container-widget-width,var(--spacer-size));--align-self:var(--container-widget-align-self,initial);--flex-shrink:0}.e-con-inner>.elementor-widget-spacer>.elementor-widget-container,.e-con>.elementor-widget-spacer>.elementor-widget-container{height:100%;width:100%}.e-con-inner>.elementor-widget-spacer>.elementor-widget-container>.elementor-spacer,.e-con>.elementor-widget-spacer>.elementor-widget-container>.elementor-spacer{height:100%}.e-con-inner>.elementor-widget-spacer>.elementor-widget-container>.elementor-spacer>.elementor-spacer-inner,.e-con>.elementor-widget-spacer>.elementor-widget-container>.elementor-spacer>.elementor-spacer-inner{height:var(--container-widget-height,var(--spacer-size))}.e-con-inner>.elementor-widget-spacer.elementor-widget-empty,.e-con>.elementor-widget-spacer.elementor-widget-empty{position:relative;min-height:22px;min-width:22px}.e-con-inner>.elementor-widget-spacer.elementor-widget-empty .elementor-widget-empty-icon,.e-con>.elementor-widget-spacer.elementor-widget-empty .elementor-widget-empty-icon{position:absolute;top:0;bottom:0;left:0;right:0;margin:auto;padding:0;width:22px;height:22px}<\/style>\t\t<div class=\"elementor-spacer\">\n\t\t\t<div class=\"elementor-spacer-inner\"><\/div>\n\t\t<\/div>\n\t\t\t\t<\/div>\n\t\t\t\t<\/div>\n\t\t\t\t\t<\/div>\n\t\t\t\t<\/div>\n\t\t\t\t<\/div>\n\t\t","protected":false},"excerpt":{"rendered":"<p>Aktuelles<\/p>\n","protected":false},"author":1,"featured_media":0,"parent":0,"menu_order":0,"comment_status":"closed","ping_status":"closed","template":"","meta":{"footnotes":""},"class_list":["post-359","page","type-page","status-publish","hentry"],"_links":{"self":[{"href":"https:\/\/fodboss-kehrmatte.de\/index.php\/wp-json\/wp\/v2\/pages\/359","targetHints":{"allow":["GET"]}}],"collection":[{"href":"https:\/\/fodboss-kehrmatte.de\/index.php\/wp-json\/wp\/v2\/pages"}],"about":[{"href":"https:\/\/fodboss-kehrmatte.de\/index.php\/wp-json\/wp\/v2\/types\/page"}],"author":[{"embeddable":true,"href":"https:\/\/fodboss-kehrmatte.de\/index.php\/wp-json\/wp\/v2\/users\/1"}],"replies":[{"embeddable":true,"href":"https:\/\/fodboss-kehrmatte.de\/index.php\/wp-json\/wp\/v2\/comments?post=359"}],"version-history":[{"count":34,"href":"https:\/\/fodboss-kehrmatte.de\/index.php\/wp-json\/wp\/v2\/pages\/359\/revisions"}],"predecessor-version":[{"id":1535,"href":"https:\/\/fodboss-kehrmatte.de\/index.php\/wp-json\/wp\/v2\/pages\/359\/revisions\/1535"}],"wp:attachment":[{"href":"https:\/\/fodboss-kehrmatte.de\/index.php\/wp-json\/wp\/v2\/media?parent=359"}],"curies":[{"name":"wp","href":"https:\/\/api.w.org\/{rel}","templated":true}]}}